igit of 775?
5
What is the units digit of 95148?
8
What is the tens digit of 862?
6
What is the units digit of 8685?
5
What is the ten thousands digit of 12708?
1
What is the hundreds digit of 7492?
4
What is the hundreds digit of 82088?
0
What is the tens digit of 945?
4
What is the thousands digit of 11425?
1
What is the hundreds digit of 3915?
9
What is the ten thousands digit of 140711?
4
What is the units digit of 8130?
0
What is the thousands digit of 14373?
4
What is the hundreds digit of 17864?
8
What is the hundreds digit of 17466?
4
What is the units digit of 426?
6
What is the ten thousands digit of 23093?
2
What is the hundreds digit of 880?
8
What is the units digit of 1070?
0
What is the units digit of 1652?
2
What is the tens digit of 11223?
2
What is the thousands digit of 1020?
1
What is the hundreds digit of 52650?
6
What is the tens digit of 4565?
6
What is the tens digit of 22185?
8
What is the hundreds digit of 47899?
8
What is the thousands digit of 170967?
0
What is the thousands digit of 38892?
8
What is the tens digit of 39619?
1
What is the hundreds digit of 2789?
7
What is the ten thousands digit of 64290?
6
What is the units digit of 5185?
5
What is the ten thousands digit of 29342?
2
What is the tens digit of 2091?
9
What is the units digit of 1474?
4
What is the units digit of 6534?
4
What is the units digit of 15277?
7
What is the hundreds digit of 18359?
3
What is the tens digit of 30504?
0
What is the hundreds digit of 5600?
6
What is the units digit of 2215?
5
What is the hundreds digit of 407?
4
What is the thousands digit of 4928?
4
What is the units digit of 7169?
9
What is the thousands digit of 11955?
1
What is the units digit of 667?
7
What is the thousands digit of 16299?
6
What is the thousands digit of 6027?
6
What is the tens digit of 1739?
3
What is the ten thousands digit of 45645?
4
What is the hundreds digit of 14639?
6
What is the thousands digit of 16155?
6
What is the thousands digit of 1385?
1
What is the thousands digit of 1612?
1
What is the hundred thousands digit of 135065?
1
What is the thousands digit of 4635?
4
What is the units digit of 78534?
4
What is the hundreds digit of 23330?
3
What is the hundreds digit of 7602?
6
What is the tens digit of 4443?
4
What is the tens digit of 4967?
6
What is the hundreds digit of 1191?
1
What is the tens digit of 66?
6
What is the hundreds digit of 68305?
3
What is the thousands digit of 180799?
0
What is the units digit of 43?
3
What is the hundreds digit of 22911?
9
What is the tens digit of 42338?
3
What is the thousands digit of 1555?
1
What is the units digit of 932?
2
What is the units digit of 3456?
6
What is the units digit of 1071?
1
What is the units digit of 11934?
4
What is the thousands digit of 20533?
0
What is the units digit of 1603?
3
What is the units digit of 5531?
1
What is the tens digit of 844?
4
What is the thousands digit of 3228?
3
What is the hundreds digit of 1543?
5
What is the hundreds digit of 2282?
2
What is the units digit of 892?
2
What is the thousands digit of 2321?
2
What is the hundreds digit of 691?
6
What is the tens digit of 579?
7
What is the thousands digit of 1856?
1
What is the units digit of 3557?
7
What is the ten thousands digit of 43257?
4
What is the thousands digit of 2107?
2
What is the thousands digit of 5032?
5
What is the hundreds digit of 9317?
3
What is the thousands digit of 46031?
6
What is the ten thousands digit of 19283?
1
What is the thousands digit of 6749?
6
What is the units digit of 9826?
6
What is the hundreds digit of 16950?
9
What is the units digit of 3134?
4
What is the ten thousands digit of 117695?
1
What is the tens digit of 1249?
4
What is the tens digit of 128?
2
What is the tens digit of 3534?
3
What is the units digit of 64627?
7
What is the units digit of 914?
4
What is the tens digit of 3796?
9
What is the units digit of 4495?
5
What is the ten thousands digit of 10888?
1
What is the tens digit of 62906?
0
What is the units digit of 2962?
2
What is the units digit of 1662?
2
What is the hundreds digit of 33145?
1
What is the hundreds digit of 6604?
6
What is the thousands digit of 1781?
1
What is the hundreds digit of 21914?
9
What is the tens digit of 914?
1
What is the hundreds digit of 2887?
8
What is the hundreds digit of 8185?
1
What is the tens digit of 550?
5
What is the units digit of 99898?
8
What is the tens digit of 678?
7
What is the thousands digit of 21103?
1
What is the thousands digit of 75827?
5
What is the tens digit of 35124?
2
What is the thousands digit of 24040?
4
What is the hundreds digit of 753?
7
What is the ten thousands digit of 21389?
2
What is the ten thousands digit of 33003?
3
What is the ten thousands digit of 15000?
1
What is the hundreds digit of 4926?
9
What is the hundreds digit of 880?
8
What is the hundreds digit of 2777?
7
What is the hundreds digit of 166?
1
What is the units digit of 788?
8
What is the units digit of 1792?
2
What is the units digit of 6370?
0
What is the tens digit of 5013?
1
What is the tens digit of 3887?
8
What is the units digit of 577?
7
What is the units digit of 357?
7
What is the hundreds digit of 18922?
9
What is the tens digit of 150217?
1
What is the tens digit of 1074?
7
What is the thousands digit of 3016?
3
What is the ten thousands digit of 18883?
1
What is the thousands digit of 13245?
3
What is the units digit of 1072?
2
What is the hundreds digit of 572?
5
What is the units digit of 48798?
8
What is the hundreds digit of 656?
6
What is the units digit of 6889?
9
What is the thousands digit of 23220?
3
What is the tens digit of 1669?
6
What is the tens digit of 44781?
8
What is the thousands digit of 12480?
2
What is the units digit of 19327?
7
What is the thousands digit of 14986?
4
What is the units digit of 1393?
3
What is the hundreds digit of 985?
9
What is the thousands digit of 63042?
3
What is the thousands digit of 112213?
2
What is the units digit of 2782?
2
What is the tens digit of 993?
9
What is the hundreds digit of 2635?
6
What is the tens digit of 142305?
0
What is the hundreds digit of 1724?
7
What is the tens digit of 3790?
9
What is the thousands digit of 12700?
2
What is the thousands digit of 1444?
1
What is the hundreds digit of 4880?
8
What is the thousands digit of 1500?
1
What is the hundreds digit of 6390?
3
What is the tens digit of 644?
4
What is the ten thousands digit of 41487?
4
What is the units digit of 730?
0
What is the tens digit of 998?
9
What is the ten thousands digit of 38968?
3
What is the tens digit of 1680?
8
What is the ten thousands digit of 11811?
1
What is the hundreds digit of 309?
3
What is the units digit of 609?
9
What is the thousands digit of 1761?
1
What is the thousands digit of 11399?
1
What is the tens digit of 3668?
6
What is the tens digit of 1295?
9
What is the units digit of 1060?
0
What is the units digit of 35557?
7
What is the tens digit of 1965?
6
What is the units digit of 4013?
3
What is the thousands digit of 7551?
7
What is the hundreds digit of 1621?
6
What is the units digit of 915?
5
What is the tens digit of 83985?
8
What is the units digit of 4925?
5
What is the hundreds digit of 2865?
8
What is the units digit of 1381?
1
What is the hundreds digit of 225?
2
What is the hundreds digit of 12060?
0
What is the tens digit of 2282?
8
What is the ten thousands digit of 43757?
4
What is the thousands digit of 55509?
5
What is the hundreds digit of 5779?
7
What is the thousands digit of 21927?
1
What is the units digit of 106?
6
What is the hundreds digit of 970?
9
What is the tens digit of 964?
6
What is the hundreds digit of 36124?
1
What is the ten thousands digit of 12322?
1
What is the tens digit of 350?
5
What is the units digit of 854?
4
What is the units digit of 2530?
0
What is the tens digit of 3620?
2
What is the units digit of 438?
8
What is the tens digit of 92?
9
What is the units digit of 10826?
6
What is the thousands digit of 111953?
1
What is the tens digit of 485?
8
What is the thousands digit of 7608?
7
What is the hundreds digit of 5725?
7
What is the thousands digit of 27411?
7
What is the ten thousands digit of 64602?
6
What is the tens digit of 353?
5
What is the units digit of 155?
5
What is the ten